inder when f is divided by 27?
23
Suppose -18*p - 5*p = -2691. What is the remainder when p is divided by 6?
3
Let a = -18 + 27. Suppose -3*b - 13*o = -12*o - 4, -4*b - 3 = 3*o. Calculate the remainder when a is divided by b.
0
Suppose -4*o - 3*n + 66 = -2*n, 3*o = -2*n + 52. Suppose 5 = 5*s, -1109 = 4*c - 8*s + 3*s. Calculate the remainder when 3/9 - c/9 is divided by o.
15
Let z(n) be the second derivative of 2*n**4/3 + 2*n**3/3 + 5*n**2/2 - 18*n. Calculate the remainder when 20 is divided by z(-1).
2
Suppose 0 = 4*q + 3*s - 110, 0*s = 3*q + 4*s - 86. Suppose -f - 4*u - 11 - 3 = 0, 3*f + 4*u = -q. Let n = 8 - f. What is the remainder when n is divided by 4?
2
Let p = 85 - 15. Suppose 0 = -3*s + 4*u + 44, -53 = 3*s + 3*u - 83. What is the remainder when p is divided by s?
10
Suppose -5*i + 2*q + 131 + 6 = 0, -q = 1. What is the remainder when 105 is divided by i?
24
Let u(y) = -3*y**3 - 19*y**2 - 8*y + 20. Calculate the remainder when 47 is divided by u(-6).
15
Suppose -49*k = -35*k - 2632. Calculate the remainder when k is divided by 99.
89
Let d(o) = -o + 7. Let r be d(-4). Suppose -3*s - 104 = -r*s. What is the remainder when (-2)/(-9) + (-428)/(-18) is divided by s?
11
Let c = 33 - 45. Calculate the remainder when (14/4)/(c/(-168)) is divided by 13.
10
Calculate the remainder when 40 is divided by 29/3 + (8 - 78/9).
4
Suppose 2*x - 3*x - 12 = 0. Suppose -5*i - 16 - 53 = -3*q, q + 2*i = 12. Calculate the remainder when 4 is divided by 9/(-2)*x/q.
1
Let l = 1757 - 1735. What is the remainder when 253 is divided by l?
11
Let r = 234 - 205. What is the remainder when r is divided by 11?
7
Suppose i + 0*i + 3 = 0. Let h be (-2 - i) + 61/(-1). Let n = h - -118. What is the remainder when n is divided by 12?
10
Let a = -84 + 87. Let y(v) = -v + 15. What is the remainder when 21 is divided by y(a)?
9
Let s(a) = -a**3 - 38*a**2 + 166*a + 15. Calculate the remainder when s(-42) is divided by 29.
12
Suppose 0*s = 4*s. Suppose s = -2*a - 3*a + 260. Calculate the remainder when a is divided by 9.
7
Suppose 17*k = 15*k + 26. Let y(p) be the second derivative of -p**4/12 + 7*p**3/3 - 5*p**2/2 + 2*p. What is the remainder when 13 is divided by y(k)?
5
Suppose -3*j + 4*q + 169 = 0, -4*j - q + 98 = -2*j. Let w = j + -47. What is the remainder when 14 is divided by w?
2
Suppose 172 = -298*y + 300*y. Calculate the remainder when 423 is divided by y.
79
Suppose i = 2*y - 358, 4*i - y + 1411 = -0*i. What is the remainder when 125 is divided by (i/33)/((-2)/6)?
29
Suppose 0 = -11*r - 0*r. Suppose 3*g - 48 = -3*c, r = 4*g - 5*g - 2. What is the remainder when c is divided by 11?
7
Suppose 0 = -5*m + g + 8, 24*g - 22*g = 2*m. What is the remainder when 312 is divided by m?
0
Suppose -a + 23 = 22. Let w(c) = 49*c - 1. What is the remainder when w(a) is divided by 13?
9
Suppose -8*a - 672 = -14*a. Let v = a + -103. What is the remainder when 15 is divided by v?
6
Let l(c) = -c**3 + 22*c**2 - 24*c + 72. Calculate the remainder when l(21) is divided by 8.
1
Let o(w) = 3*w**3 + 7*w**2 - 6*w - 7. Let y(p) = -2*p**3 - 6*p**2 + 6*p + 7. Let k(u) = 3*o(u) + 4*y(u). What is the remainder when k(5) is divided by 18?
15
Let c = 62 - 63. Let t = 16 + -4. What is the remainder when t is divided by c + (-64)/(-10) + 10/(-25)?
2
Let p(g) = 22*g**2 + g - 1. Let i be p(1). Let a be i + (-3 - (3 - 3)). Suppose -2*b = 2, -s - b = 3 - a. What is the remainder when s is divided by 9?
8
Suppose 6 = -2*o - 8. Let l = o - -11. Suppose 2*d - 3*c - 13 = 0, 0*d + l*d - 24 = 4*c. What is the remainder when d is divided by 2?
1
Let a(f) = 16*f**2 - 2*f - 14. What is the remainder when a(5) is divided by 13?
12
Suppose -2*j + c = -24, 4*c - 55 - 3 = -3*j. Calculate the remainder when 166 is divided by j.
12
Let k(n) = -n**3 + 11*n**2 - n + 13. Let x be 17*2*(1 + -2). Let o = x - -41. Calculate the remainder when o is divided by k(11).
1
Let f = -34 - -124. What is the remainder when f is divided by 25?
15
Let n(b) = -b + 18. Let x(y) = -5*y - 7. Let r be x(-3). Let m = -1 + 3. What is the remainder when n(r) is divided by m?
0
Suppose 5*b - 4*b = 0. Suppose 204 = 6*q - b*q. Suppose 4*s + 42 = 3*i + 10, -s = -i + 11. What is the remainder when q is divided by i?
10
Calculate the remainder when 138/(-23) - (166/1)/(-1) is divided by 9.
7
Let u be 41/((-19)/(-34) - (-4)/(-8)). Suppose -7*j = u - 2608. What is the remainder when j is divided by 25?
23
Let y(x) = -x + 5*x - 5 + 1. Let p(b) = 7*b - 8. Let r(z) = -2*p(z) + 5*y(z). Calculate the remainder when r(3) is divided by 4.
2
Let k be 14680/(-140) + (-1)/7. Let d = k - -152. What is the remainder when d is divided by 30?
17
Suppose -1798 = 42*n - 2428. Suppose -3*j = -8 + 2. Suppose -3*f = -j*x - 2*x + 2, -4*x + 8 = -2*f. Calculate the remainder when n is divided by f.
3
Let u be 50 - (-9)/6*-2. Let k = u - 17. Calculate the remainder when 33 is divided by (-52)/(-3) + k/45.
15
Let v(c) = 2 + 2*c - c - 5*c + 8*c**2. Let k be v(7). Calculate the remainder when 20 is divided by k/30 + 2/(-10).
8
Let b be ((-5)/(-2))/(2/28). Suppose -5*r + 5*o + 40 = 0, -r = -5*r + o + b. What is the remainder when r is divided by (-1)/(-4) - 19/(-4)?
4
Let p(h) = -3*h - 12. Let l(c) = -c**2 - 4*c. Let f be l(-5). Let x be p(f). Suppose -x*z = z - 168. Calculate the remainder when z is divided by 15.
12
Calculate the remainder when 0 + (-10 - -4) - -308 is divided by 16.
14
Let v(y) = -y**2 - 11*y - 12. Let c be v(-9). Let w(z) = -1 + 9*z - 7*z - 2. Calculate the remainder when 14 is divided by w(c).
5
Let m be (-3)/6*10*1. Let x = 10 - m. What is the remainder when 58 is divided by x?
13
Let p(d) be the third derivative of -d**5/60 - 11*d**4/24 + 5*d**3/6 - 13*d**2. Calculate the remainder when 2/(2 + 0)*7 is divided by p(-11).
2
Calculate the remainder when (-3)/5*20/(-24)*1074 is divided by 68.
61
Let h(o) be the third derivative of -o**5/60 + 5*o**4/12 - 5*o**3/3 - 12*o**2. Let s = 17 - 10. Calculate the remainder when 42 is divided by h(s).
9
Suppose -v + 5*y + 26 = 0, 5*v + 3*y = -y + 14. Calculate the remainder when -4*(v/(-4) - 3) is divided by 3.
0
Suppose -2*z + 70 - 16 = 0. Let c(x) = -3*x - 4. Let h = -14 - -8. Calculate the remainder when z is divided by c(h).
13
Let n(w) = -w**2 + 14*w - 33. Let l(c) be the first derivative of 14*c**2 + c - 4. Calculate the remainder when l(2) is divided by n(5).
9
Let k(y) = -22*y**2 + 510*y + 53. What is the remainder when k(23) is divided by 22?
13
Let f(a) = -2*a**2 + 53*a - 5. What is the remainder when 53 is divided by f(26)?
11
Let t(m) = 18*m + 11. Let w(x) = -35*x - 21. Let z(b) = -7*t(b) - 4*w(b). Let g(v) = -v - 1. Let r be g(-7). Calculate the remainder when z(r) is divided by 31.
29
Suppose 47 = 11*s + 355. Let f = 51 + s. Calculate the remainder when f is divided by (24/(-3) + 2)*-2.
11
Let k(d) = 2*d**3 - 25*d**2 - 13*d + 16. Calculate the remainder when 266 is divided by k(13).
10
Suppose -2 = 8*w - 18. Suppose -3*p = -8*p - 4*t + 51, 0 = 5*p + w*t - 53. What is the remainder when 19 is divided by p?
8
Suppose 2*i = -5*h + 572, i - 2*i = -2*h + 236. Suppose -5*p = 2*w - h, -3*p - 2*w - 3*w = -81. What is the remainder when 87 is divided by p?
21
Suppose -36*n + 37*n + 128 = 5*w, 0 = -4*w - 2*n + 108. Calculate the remainder when w is divided by 24.
2
Let j = 82 + -8. Suppose 2*b + 0*b + 62 = 0. Let m = 56 + b. What is the remainder when j is divided by m?
24
Suppose 14*i = 13*i + 7. What is the remainder when (1/3)/(-1) - (-110)/6 is divided by i?
4
Let w(z) = 9*z - 5*z - 5*z + 2*z**2 + 4. What is the remainder when w(4) is divided by 5?
2
Calculate the remainder when 264 is divided by 8510/575 + 8/(-10).
12
Suppose 2*g = -j + 34, -3*j = -g + 23 + 8. Calculate the remainder when g is divided by (-2 - -9) + -3 + 3.
5
Let i(g) be the third derivative of 5*g**4/24 + g**2. Calculate the remainder when 74 is divided by i(3).
14
Suppose 238 = r + r. Let b = 180 - r. Calculate the remainder when b is divided by (-4)/(-14) + (-145)/(-7).
19
Let k = -60 + 255. What is the remainder when k is divided by 66?
63
Let s(n) = n**2 + 7*n - 18. Suppose 0 = -2*a + y - 0*y + 112, -5*a + 3*y = -278. Calculate the remainder when a is divided by s(3).
10
Let z(b) = -6*b - 11. Suppose 1 - 28 = 3*r - 5*f, -4*f = -4*r -